the remainder when 1114 is divided by 253.
102
Calculate the remainder when 136461990 is divided by 37.
33
Calculate the remainder when 14919295 is divided by 2722.
13
Calculate the remainder when 624280 is divided by 48020.
20
Calculate the remainder when 24196368 is divided by 4366.
4362
What is the remainder when 1776947 is divided by 592303?
38
Calculate the remainder when 29149 is divided by 1100.
549
Calculate the remainder when 4224448 is divided by 50.
48
What is the remainder when 557958 is divided by 278969?
20
Calculate the remainder when 662054 is divided by 330106.
1842
Calculate the remainder when 2088290 is divided by 356.
350
What is the remainder when 18051240 is divided by 777?
753
Calculate the remainder when 930981 is divided by 232612.
533
What is the remainder when 4209947 is divided by 5042?
4919
Calculate the remainder when 3806689 is divided by 127.
118
Calculate the remainder when 11142948 is divided by 1012995.
3
What is the remainder when 21286 is divided by 19824?
1462
What is the remainder when 27635497 is divided by 6908867?
29
What is the remainder when 75705592 is divided by 7886?
7878
What is the remainder when 8930204 is divided by 143?
140
What is the remainder when 1935358 is divided by 5120?
5118
What is the remainder when 453070514 is divided by 93?
89
Calculate the remainder when 1559440 is divided by 363.
355
What is the remainder when 12364 is divided by 6165?
34
Calculate the remainder when 5081983 is divided by 37.
33
Calculate the remainder when 62619 is divided by 12503.
104
Calculate the remainder when 1085813 is divided by 135710.
133
Calculate the remainder when 905478 is divided by 30.
18
What is the remainder when 1515099 is divided by 756574?
1951
Calculate the remainder when 40634498 is divided by 8980.
8978
What is the remainder when 5711519 is divided by 87?
56
Calculate the remainder when 638492 is divided by 4373.
34
Calculate the remainder when 155862622 is divided by 170.
162
What is the remainder when 13393297 is divided by 46?
29
Calculate the remainder when 395988 is divided by 32995.
48
What is the remainder when 445259 is divided by 445206?
53
What is the remainder when 73725 is divided by 36573?
579
Calculate the remainder when 32692423 is divided by 56.
15
What is the remainder when 3577 is divided by 152?
81
What is the remainder when 779782 is divided by 8032?
678
What is the remainder when 162649859 is divided by 15?
14
What is the remainder when 2557684 is divided by 6894?
10
What is the remainder when 1412028 is divided by 2270?
88
Calculate the remainder when 175977 is divided by 337.
63
What is the remainder when 1436789 is divided by 1731?
59
What is the remainder when 705290 is divided by 61?
8
Calculate the remainder when 31407923 is divided by 29.
24
What is the remainder when 39713 is divided by 3610?
3
What is the remainder when 807667 is divided by 16483?
0
What is the remainder when 18944747 is divided by 1375?
1372
What is the remainder when 89151372 is divided by 179379?
9
What is the remainder when 322667 is divided by 13430?
347
What is the remainder when 164294 is divided by 82023?
248
Calculate the remainder when 561168 is divided by 11951.
11422
Calculate the remainder when 2793855 is divided by 2739.
75
Calculate the remainder when 63493 is divided by 2005.
1338
What is the remainder when 322616 is divided by 80641?
52
Calculate the remainder when 57099 is divided by 224.
203
Calculate the remainder when 26092143 is divided by 314.
313
What is the remainder when 28510 is divided by 1295?
20
What is the remainder when 29016 is divided by 398?
360
Calculate the remainder when 20537972 is divided by 1125.
1097
What is the remainder when 125278 is divided by 56?
6
Calculate the remainder when 120224 is divided by 2732.
16
What is the remainder when 482399037 is divided by 11?
10
Calculate the remainder when 5634222 is divided by 381.
375
Calculate the remainder when 108892 is divided by 36227.
211
Calculate the remainder when 151251 is divided by 326.
313
Calculate the remainder when 271575 is divided by 10863.
0
What is the remainder when 1748705 is divided by 762?
677
What is the remainder when 400601 is divided by 66757?
59
Calculate the remainder when 44699 is divided by 3023.
2377
What is the remainder when 36496950 is divided by 46?
44
Calculate the remainder when 133296081 is divided by 57381.
18
What is the remainder when 76783 is divided by 1491?
742
What is the remainder when 31660079 is divided by 1677?
1673
Calculate the remainder when 89747940 is divided by 6335.
6330
Calculate the remainder when 4270500 is divided by 711748.
12
What is the remainder when 266708 is divided by 984?
44
What is the remainder when 689617 is divided by 88?
49
What is the remainder when 668465 is divided by 2919?
14
What is the remainder when 232593 is divided by 55?
53
What is the remainder when 204217128 is divided by 1221?
1215
What is the remainder when 3294047 is divided by 24?
23
Calculate the remainder when 28942064 is divided by 97121.
6
What is the remainder when 3139661 is divided by 101?
76
Calculate the remainder when 370753 is divided by 16809.
955
Calculate the remainder when 1011919 is divided by 2803.
36
What is the remainder when 130250 is divided by 1290?
1250
Calculate the remainder when 26999529 is divided by 302.
125
What is the remainder when 77408824 is divided by 1158?
1156
Calculate the remainder when 4874042 is divided by 79902.
20
What is the remainder when 47541845 is divided by 137?
105
Calculate the remainder when 81667 is divided by 301.
96
Calculate the remainder when 62559984 is divided by 27.
12
What is the remainder when 2474338 is divided by 13?
9
What is the remainder when 1748198 is divided by 437043?
26
Calculate the remainder when 128994 is divided by 2151.
2085
What is the remainder when 41432 is divided by 1381?
2
Calculate the remainder when 43796 is divided by 5094.
3044
What is the remainder when 67802 is divided by 7384?
1346
Calculate the remainder when 242896 is divided by 11012.
632
What is the remainder when 202209 is divided by 1741?
253
Calculate the remainder when 2732504 is divided by 696.
8
Calculate the remainder when 2964344 is divided by 27.
14
Calculate the remainder when 15761688 is divided by 71644.
8
What is the remainder when 1016069 is divided by 78159?
2
What is the remainder when 28153593 is divided by 52233?
6
What is the remainder when 19275 is divided by 7727?
3821
What is the remainder when 579869 is divided by 908?
565
Calculate the remainder when 72893818 is divided by 1740.
1738
Calculate the remainder when 413861 is divided by 137951.
8
What is the remainder when 119129 is divided by 2363?
979
Calculate the remainder when 55133 is divided by 613.
576
Calculate the remainder when 130162 is divided by 25904.
642
Calculate the remainder when 99454653 is divided by 2335.
2333
What is the remainder when 122044 is divided by 8982?
5278
What is the remainder when 88665070 is divided by 801?
778
Calculate the remainder when 18054815 is divided by 566.
547
What is the remainder when 188341094 is divided by 8?
6
What is the remainder when 13477159 is divided by 5059?
5042
What is the remainder when 27549742 is divided by 19?
8
Calculate the remainder when 1293706 is divided by 107792.
202
What is the remainder when 31470 is divided by 1119?
138
What is the remainder when 4349735 is divided by 497?
488
Calculate the remainder when 1138516 is divided by 284.
244
Calculate the remainder when 190265 is divided by 18320.
7065
What is the remainder when 164213 is divided by 3988?
705
What is the remainder when 4270 is divided by 3497?
773
What is the remainder when 271438 is divided by 6958?
76
Calculate the remainder when 6040762 is divided by 761.
705
Calculate the remainder when 291920 is divided by 48072.
3488
Calculate the remainder when 109789 is divided by 1996.
9
What is the remainder when 217632 is divided by 276?
144
Calculate the remainder when 55010 is divided by 48.
2
Calculate the remainder when 1525087 is divided by 11818.
565
What is the remainder when 222092 is divided by 222078?
14
What is the remainder when 62481450 is divided by 22?
20
Calculate the remainder when 1118543 is divided by 26